divided by 73?
72
Calculate the remainder when 487 is divided by 14.
11
What is the remainder when 270 is divided by 55?
50
Calculate the remainder when 4268 is divided by 847.
33
What is the remainder when 44 is divided by 16?
12
What is the remainder when 60 is divided by 30?
0
What is the remainder when 7012 is divided by 167?
165
Calculate the remainder when 793 is divided by 114.
109
Calculate the remainder when 1047 is divided by 1046.
1
What is the remainder when 716 is divided by 234?
14
Calculate the remainder when 879 is divided by 5.
4
What is the remainder when 359 is divided by 31?
18
Calculate the remainder when 2077 is divided by 514.
21
What is the remainder when 268 is divided by 6?
4
What is the remainder when 710 is divided by 60?
50
What is the remainder when 612 is divided by 11?
7
Calculate the remainder when 216 is divided by 10.
6
What is the remainder when 98 is divided by 34?
30
Calculate the remainder when 12074 is divided by 175.
174
Calculate the remainder when 5234 is divided by 71.
51
Calculate the remainder when 22723 is divided by 52.
51
Calculate the remainder when 183 is divided by 9.
3
What is the remainder when 27 is divided by 27?
0
Calculate the remainder when 776 is divided by 48.
8
What is the remainder when 15119 is divided by 90?
89
Calculate the remainder when 536 is divided by 527.
9
Calculate the remainder when 718 is divided by 10.
8
What is the remainder when 597 is divided by 20?
17
Calculate the remainder when 239 is divided by 49.
43
Calculate the remainder when 440 is divided by 17.
15
What is the remainder when 121 is divided by 64?
57
What is the remainder when 2970 is divided by 60?
30
Calculate the remainder when 122 is divided by 23.
7
What is the remainder when 127 is divided by 47?
33
What is the remainder when 1038 is divided by 112?
30
Calculate the remainder when 247 is divided by 56.
23
Calculate the remainder when 692 is divided by 101.
86
What is the remainder when 412 is divided by 87?
64
Calculate the remainder when 87 is divided by 47.
40
What is the remainder when 741 is divided by 62?
59
Calculate the remainder when 7917 is divided by 37.
36
Calculate the remainder when 866 is divided by 36.
2
Calculate the remainder when 198 is divided by 43.
26
Calculate the remainder when 2237 is divided by 1089.
59
What is the remainder when 475 is divided by 60?
55
What is the remainder when 10937 is divided by 5465?
7
Calculate the remainder when 3823 is divided by 33.
28
What is the remainder when 59 is divided by 21?
17
Calculate the remainder when 288 is divided by 68.
16
Calculate the remainder when 127 is divided by 37.
16
What is the remainder when 1508 is divided by 9?
5
Calculate the remainder when 334 is divided by 85.
79
What is the remainder when 78 is divided by 54?
24
Calculate the remainder when 328 is divided by 22.
20
What is the remainder when 322 is divided by 81?
79
Calculate the remainder when 606 is divided by 13.
8
Calculate the remainder when 962 is divided by 107.
106
What is the remainder when 48 is divided by 7?
6
Calculate the remainder when 185 is divided by 47.
44
Calculate the remainder when 230 is divided by 79.
72
Calculate the remainder when 358 is divided by 9.
7
Calculate the remainder when 82 is divided by 17.
14
Calculate the remainder when 1845 is divided by 185.
180
What is the remainder when 483 is divided by 41?
32
Calculate the remainder when 209 is divided by 4.
1
Calculate the remainder when 438 is divided by 30.
18
What is the remainder when 19 is divided by 3?
1
What is the remainder when 10337 is divided by 30?
17
Calculate the remainder when 4456 is divided by 14.
4
Calculate the remainder when 63 is divided by 16.
15
What is the remainder when 328 is divided by 169?
159
Calculate the remainder when 285 is divided by 67.
17
Calculate the remainder when 2512 is divided by 3.
1
Calculate the remainder when 1403 is divided by 24.
11
Calculate the remainder when 202 is divided by 66.
4
What is the remainder when 369 is divided by 135?
99
What is the remainder when 2540 is divided by 53?
49
Calculate the remainder when 185 is divided by 62.
61
Calculate the remainder when 196 is divided by 33.
31
What is the remainder when 667 is divided by 35?
2
What is the remainder when 283 is divided by 3?
1
What is the remainder when 130 is divided by 8?
2
Calculate the remainder when 976 is divided by 49.
45
What is the remainder when 105 is divided by 39?
27
What is the remainder when 70 is divided by 37?
33
Calculate the remainder when 1449 is divided by 11.
8
What is the remainder when 2119 is divided by 68?
11
What is the remainder when 1412 is divided by 235?
2
What is the remainder when 2343 is divided by 28?
19
What is the remainder when 44 is divided by 16?
12
What is the remainder when 10366 is divided by 2589?
10
What is the remainder when 438 is divided by 4?
2
Calculate the remainder when 5809 is divided by 83.
82
Calculate the remainder when 179 is divided by 18.
17
What is the remainder when 75 is divided by 19?
18
Calculate the remainder when 71 is divided by 9.
8
Calculate the remainder when 31 is divided by 12.
7
What is the remainder when 754 is divided by 126?
124
What is the remainder when 383 is divided by 211?
172
Calculate the remainder when 40 is divided by 25.
15
Calculate the remainder when 863 is divided by 394.
75
What is the remainder when 276 is divided by 42?
24
Calculate the remainder when 404 is divided by 11.
8
Calculate the remainder when 211 is divided by 55.
46
Calculate the remainder when 260 is divided by 29.
28
What is the remainder when 285 is divided by 10?
5
Calculate the remainder when 6812 is divided by 82.
6
What is the remainder when 3139 is divided by 287?
269
Calculate the remainder when 211 is divided by 116.
95
Calculate the remainder when 8644 is divided by 131.
129
What is the remainder when 1147 is divided by 433?
281
What is the remainder when 53 is divided by 9?
8
Calculate the remainder when 706 is divided by 6.
4
What is the remainder when 254 is divided by 84?
2
Calculate the remainder when 334 is divided by 103.
25
What is the remainder when 553 is divided by 177?
22
Calculate the remainder when 701 is divided by 13.
12
Calculate the remainder when 1066 is divided by 496.
74
Calculate the remainder when 24102 is divided by 23.
21
What is the remainder when 62 is divided by 18?
8
Calculate the remainder when 8862 is divided by 181.
174
Calculate the remainder when 84 is divided by 31.
22
Calculate the remainder when 139 is divided by 47.
45
What is the remainder when 1715 is divided by 172?
167
What is the remainder when 161 is divided by 155?
6
What is the remainder when 202 is divided by 58?
28
Calculate the remainder when 32 is divided by 21.
11
Calculate the remainder when 400 is divided by 12.
4
Calculate the remainder when 28 is divided by 21.
7
Calculate the remainder when 1470 is divided by 32.
30
What is the remainder when 1818 is divided by 21?
12
Calculate the remainder when 349 is divided by 71.
65
What is the remainder when 46 is divided by 26?
20
Calculate the remainder when 667 is divided by 67.
64
What is the remainder when 249 is divided by 50?
49
What is the remainder when 633 is divided by 34?
21
Calculate the remainder when 1596 is divided by 178.
172
What is the remainder when 1518 is divided by 49?
48
What is the remainder when 349 is divided by 110?
19
Calculate the remainder when 1797 is divided by 599.
0
Calculate the remainder when 534 is divided by 30.
24
What is the remainder when 660 is divided by 70?
30
What is the remainder when 648 is divided by 109?
103
Calculate the remainder when 8 is divided by 3.
2
What is the remainder when 303 is divided by 113?
77
What is the remainder when 164 is divided by 55?
54
What is the remainder when 149 is divided by 9?
5
Calculate the remainder when 177 is divided by 84.
9
What is the remainder when 269 is divided by 12?
5
Calculate the remainder when 24 is divided by 11.
2
What is the remainder when 14613 is divided by 14?
11
Calculate the remainder when 923 is divided by 21.
20
Calculate the remainder when 174 is divided by 4.
2
What is the remainder when 2567 is divided by 21?
5
What is the remainder when 234 is divided by